?
True
Is 8 a factor of 2055?
False
Is 10 a factor of 2530?
True
Is 11 a factor of 3289?
True
Is 141 even?
False
Is 15162 a multiple of 40?
False
Is 63 a factor of 3150?
True
Is 19 a factor of 8759?
True
Is 51 a factor of 3880?
False
Does 74 divide 13468?
True
Is 235 a factor of 32889?
False
Does 168 divide 7113?
False
Is 756 a multiple of 27?
True
Is 16128 a multiple of 16?
True
Is 14 a factor of 1800?
False
Is 16 a factor of 9888?
True
Does 9 divide 431?
False
Does 14 divide 66?
False
Does 13 divide 2080?
True
Is 399 a multiple of 7?
True
Is 17 a factor of 459?
True
Is 11600 a multiple of 145?
True
Is 20 a factor of 13390?
False
Does 21 divide 357?
True
Is 14915 a multiple of 157?
True
Is 39 a factor of 972?
False
Does 51 divide 7905?
True
Is 36 a factor of 259?
False
Does 13 divide 7527?
True
Is 122 a factor of 7930?
True
Does 28 divide 980?
True
Is 10134 a multiple of 18?
True
Is 59654 a multiple of 22?
False
Is 90383 a multiple of 28?
False
Is 33 a factor of 9053?
False
Does 234 divide 1170?
True
Is 13 a factor of 5043?
False
Does 165 divide 38475?
False
Is 808 a multiple of 8?
True
Is 41 a factor of 1681?
True
Does 31 divide 1147?
True
Does 66 divide 2904?
True
Is 873 a multiple of 53?
False
Is 48 a factor of 1213?
False
Is 62060 a multiple of 10?
True
Is 1114 a multiple of 8?
False
Is 816 a multiple of 48?
True
Does 41 divide 1271?
True
Is 6 a factor of 3074?
False
Is 37 a factor of 6364?
True
Is 27 a factor of 292?
False
Is 26 a factor of 3250?
True
Does 18 divide 234?
True
Is 19 a factor of 26989?
False
Does 9 divide 1436?
False
Is 2268 a multiple of 21?
True
Does 65 divide 3965?
True
Does 35 divide 5326?
False
Is 24 a multiple of 4?
True
Is 9 a factor of 65?
False
Does 39 divide 2106?
True
Is 12 a factor of 96?
True
Is 10 a factor of 49060?
True
Is 6 a factor of 67?
False
Is 2950 a multiple of 15?
False
Is 59 a factor of 3599?
True
Is 640 a multiple of 32?
True
Is 1319 a multiple of 27?
False
Is 6 a factor of 8652?
True
Is 5 a factor of 690?
True
Does 128 divide 6016?
True
Does 4 divide 117?
False
Does 18 divide 1260?
True
Is 89 a factor of 19936?
True
Is 60 a factor of 16320?
True
Does 7 divide 175?
True
Does 66 divide 3300?
True
Does 21 divide 465?
False
Does 20 divide 2591?
False
Does 12 divide 32148?
True
Does 31 divide 12803?
True
Is 1584 a multiple of 23?
False
Is 31 a factor of 2232?
True
Does 70 divide 1610?
True
Does 107 divide 2461?
True
Is 4129 a multiple of 15?
False
Is 46 a factor of 666?
False
Is 466 a multiple of 7?
False
Does 83 divide 24542?
False
Is 26 a factor of 56108?
True
Is 21 a factor of 1932?
True
Does 95 divide 2047?
False
Does 95 divide 38225?
False
Does 32 divide 1421?
False
Is 28710 a multiple of 198?
True
Does 63 divide 6838?
False
Is 13835 a multiple of 68?
False
Is 11 a factor of 1057?
False
Is 5316 a multiple of 178?
False
Is 31958 a multiple of 70?
False
Is 5280 a multiple of 66?
True
Is 93 a factor of 64914?
True
Is 11 a factor of 231?
True
Is 4003 a multiple of 38?
False
Is 38 a factor of 5039?
False
Is 37 a factor of 407?
True
Does 33 divide 8976?
True
Is 72 a factor of 2448?
True
Is 157120 a multiple of 320?
True
Does 3 divide 71?
False
Does 10 divide 2960?
True
Is 12434 a multiple of 7?
False
Is 17856 a multiple of 32?
True
Is 51 a factor of 2746?
False
Is 26 a factor of 13712?
False
Is 16 a factor of 59721?
False
Is 2444 a multiple of 3?
False
Is 17 a factor of 935?
True
Does 7 divide 2351?
False
Is 22 a factor of 176?
True
Is 14 a factor of 89362?
True
Does 6 divide 1195?
False
Is 304 a multiple of 6?
False
Is 14 a factor of 700?
True
Is 13 a factor of 3127?
False
Is 2523 a multiple of 29?
True
Is 179 a factor of 27387?
True
Is 6474 a multiple of 83?
True
Is 17 a factor of 2115?
False
Does 71 divide 28602?
False
Does 27 divide 802?
False
Does 44 divide 15581?
False
Is 1325 a multiple of 43?
False
Is 8916 a multiple of 86?
False
Is 36 a factor of 2196?
True
Is 23 a factor of 9890?
True
Is 92232 a multiple of 118?
False
Is 27 a factor of 271?
False
Does 18 divide 414?
True
Is 1793 a multiple of 132?
False
Is 21340 a multiple of 21?
False
Does 42 divide 8064?
True
Is 17 a factor of 69156?
True
Does 57 divide 861?
False
Does 13 divide 117?
True
Is 38 a factor of 6881?
False
Is 6 a multiple of 3?
True
Does 14 divide 3371?
False
Is 2808 a multiple of 11?
False
Is 13421 a multiple of 157?
False
Is 21 a factor of 37464?
True
Does 4 divide 909?
False
Does 12 divide 3081?
False
Is 6586 a multiple of 89?
True
Is 776 a multiple of 15?
False
Does 19 divide 13534?
False
Is 4500 a multiple of 45?
True
Is 1044 a multiple of 18?
True
Is 360 a multiple of 15?
True
Is 376 a multiple of 8?
True
Is 7192 a multiple of 58?
True
Is 113 a factor of 8599?
False
Does 4 divide 4204?
True
Does 26 divide 7554?
False
Does 85 divide 2329?
False
Is 21 a factor of 483?
True
Is 1375 a multiple of 12?
False
Is 21490 a multiple of 166?
False
Is 8 a factor of 2785?
False
Does 38 divide 2090?
True
Is 8 a factor of 16629?
False
Does 40 divide 337?
False
Does 27 divide 10854?
True
Is 10693 a multiple of 43?
False
Is 58 a factor of 7598?
True
Is 2629 a multiple of 26?
False
Is 3 a factor of 464?
False
Does 7 divide 595?
True
Is 8880 a multiple of 48?
True
Does 21 divide 112791?
True
Is 44 a factor of 2051?
False
Is 2559 a multiple of 20?
False
Is 21500 a multiple of 5?
True
Is 46 a factor of 1155?
False
Is 1238 a multiple of 108?
False
Is 128 a factor of 2727?
False
Is 21 a factor of 2056?
False
Is 35 a factor of 5040?
True
Does 147 divide 2807?
False
Does 14 divide 224?
True
Is 35 a factor of 5621?
False
Is 28 a factor of 1064?
True
Does 27 divide 17078?
False
Does 3 divide 4674?
True
Is 6 a factor of 1104?
True
Does 51 divide 14739?
True
Is 7615 a multiple of 170?
False
Is 15 a factor of 10800?
True
Does 4 divide 368?
True
Is 80755 a multiple of 155?
True
Does 9 divide 162?
True
Does 25 divide 75?
True
Is 25960 a multiple of 11?
True
Is 29 a factor of 10933?
True
Does 50 divide 1350?
True
Is 1964 a multiple of 32?
False
Is 1122 a multiple of 4?
False
Does 25 divide 475?
True
Does 41 divide 15350?
False
Is 35 a factor of 978?
False
Is 2138 a multiple of 78?
False
Is 10272 a multiple of 8?
True
Is 180 a factor of 2880?
True
Does 15 divide 40956?
False
Is 1703 a multiple of 8?
False
Is 33 a factor of 624?
False
Is 7 a factor of 2710?
False
Does 18 divide 10890?
True
Is 12 a factor of 40979?
False
Does 28 divide 489?
False
Is 90 a factor of 35275?
False
Does 39 divide 4802?
False
Is 2582 a multiple of 35?
False
Does 46 divide 1500?
False
Does 8 divide 208?
True
Is 8448 a multiple of 33?
True
Is 3 a factor of 10630?
False
Is 237 a factor of 73707?
True
Is 11356 a multiple of 167?
True
Is 94 a factor of 44368?
True
Is 35 a factor of 1554?
False
Is 1296 a multiple of 33?
False
Is 6 a factor of 953?
False
Does 40 divide 103160?
True
Is 13 a factor of 93?
False
Does 10 divide 370?
True
Is 8238 a multiple of 11?
False
Does 6 divide 1153?
False
Is 60 a factor of 93162?
False
Is 5 a factor of 15565?
True
Is 13 a factor of 10520?
False
Is 3128 a multiple of 34?
True
Does 4 divide 2199?
False
Is 1200 a multiple of 16?
True
Does 16 divide 1561?
False
Is 10 a factor of 100?
True
Is 875 a multiple of 14?
False
Is 244 a factor of 5856?
True
Is 8 a factor of 624?
True
Is 51172 a multiple of 22?
True
Does 40 divide 22240?
True
Is 6 a factor of 76?
False
Does 4 divide 58392?
True
Does 4 divide 164?
True
Is 695 a multiple of 22?
False
Is 12334 a multiple of 50?
False
Does 71 divide 4609?
False
Is 2097 a multiple of 7?
False
Does 41 divide 1230?
True
Does 7 divide 6307?
True
Does 234 divide 115435?
False
Is 17121 a multiple of 53?
False
Is 22 a factor of 547?
False
Does 4 divide 277?
False
Is 313 a factor of 66727?
False
Is 72 a factor of 117949?
False
Is 10 a factor of 1815?
False
Does 78 divide 3674?
False
Does 6 divide 14875?
False
Is 19 a factor of 20957?
True
Is 17 a factor of 103497?
False
Does 13 divide 12116?
True
Is 14112 a multiple of 14?
True
Does 24 divide 1571?
False
Is 80 a factor of 74678?
False
Is 825 even?
False
Is 33 a factor of 594?
True
Does 9 divide 783?
True
Is 3456 a multiple of 30?
False
Is 13 a factor of 1014?
True
Is 37 a factor of 1316?
False
Is 60 a factor of 2027?
False
Does 11 divide 34362?
False
Is 8 a factor of 1800?
T